-18) - 0.
9
Evaluate 9 - 10 - (-4 + -7 - -4 - 6).
12
Calculate -29 - (-87 - -25 - -47).
-14
Evaluate -33 + (1 - -7) + (5 - 2) + -1.
-23
What is the value of -20 - -10 - (-10 + 4 + -1)?
-3
What is -7 + (18 - (1 + 2)) + (-27 - -1)?
-18
What is the value of (35 - 20) + 3 + -26?
-8
What is the value of -3 + -6 - (6 - (-2 + 2))?
-15
Evaluate -10 - ((-4 - 7 - -7) + -13).
7
-10 + 13 + 1 + 6 + -3 + 0
7
Evaluate 6 + -18 + 15 - -1.
4
0 - (-8 - -11 - 5 - (-2 + 3))
3
Evaluate -9 + (1 - 1) - (33 + -37 + 3).
-8
Calculate (-11 - 0) + (1 - 2) + -358 + 385.
15
Evaluate 1 - (7 + -23 - -5) - 9.
3
What is the value of -10 + 1 - ((-3 - -8) + 0 + -11)?
-3
What is the value of -13 - (8 + (-13 - (1 + -9)))?
-16
-6 + 1 - (-25 - ((-8 - -4) + -3))
13
What is -11 - (-23 - -12) - (2 + 3 + -4)?
-1
What is the value of (-18 - -17) + 2 + -1?
0
3 + (-10 - 12) + (5 - 18)
-32
What is (2 - (11 + -6 - -5)) + -3?
-11
Calculate -6 + 1 - ((-40 - -36) + 6).
-7
What is (4 + 5 - 16) + -3?
-10
What is the value of -3 + 3 + -1 + 2 + -3 + -14?
-16
What is -27 + 21 + 0 - (5 - 0)?
-11
Calculate (10 - (24 + 5 + -7)) + 1 + 4.
-7
-10 - (0 + (-5 - -3)) - -8 - -9
9
(-7 - (-8 + -7)) + 1
9
(6 - 16) + (24 - (2 - 10 - -15))
7
What is the value of (12 - 1) + (142 - 127 - (3 + 2))?
21
What is (5 - ((9 - 8) + 1)) + 9?
12
Calculate -36 + 48 + (2 - -8).
22
Evaluate -15 + -5 + (-39 - -55) + 1 + -7.
-10
What is the value of 4 - 4 - (-1 + -4) - (4 - 1)?
2
What is 11 - ((-155 - -160) + -7 + -1 + 2)?
12
13 + -22 - -4 - 4 - (-7 - 1)
-1
Calculate -14 - (-11 - (-2 - -1)) - -1.
-3
7 + (4 - 17) + (23 - -16)
33
What is the value of -23 + (-24 - -55) - 25?
-17
Calculate (-13 - (23 + -3)) + 18.
-15
22 + -1 + -41 + 35
15
What is (-3 + 7 + -4 - 6) + -8 + -2?
-16
What is the value of 370 + -381 - (0 - 8)?
-3
What is 16 + (-34 - -9 - -26)?
17
Calculate 8 - (7 + -15 + 1 + 4).
11
What is the value of -16 - (4 - (15 - 7) - 4)?
-8
What is -15 + 5 + (17 - 11) - -25?
21
What is (0 + (-8 - 2) - (-4 - -6)) + -4?
-16
What is -19 + -10 + (12 - 12 - (-5 + -1))?
-23
Evaluate -25 + 11 + 14 + -5 + (-1 - -6).
0
What is (0 - -3) + (-112 - -105)?
-4
Calculate -265 + 283 - (6 - 3).
15
Evaluate 581 + -572 - (20 + 1).
-12
What is 10 - (12 + (-6 - -6))?
-2
-17 + -1 + (129 - 120)
-9
What is the value of 38 + -85 - 15 - -27?
-35
Calculate -1 + (2 - -2) - (-7 - 2 - -19).
-7
What is 21 + (16 - (-7 - -48 - 7))?
3
14 + -2 + (83 + -80 - (2 + 1))
12
-4 - 20 - (-44 - -29)
-9
What is (-1 - 17) + 1 - (-290 - -285)?
-12
Evaluate 1 + -8 + (1 - -7) + -5.
-4
What is 474 - 437 - (57 + -1)?
-19
Evaluate -1 + 9 + (27 - 53).
-18
What is the value of 4 + (-13 - 3 - (-7 + -2))?
-3
What is the value of (6 - 11 - -7 - -2) + 2 - 1?
5
What is the value of (1 - -3) + -2 + -217 + 237?
22
Calculate (-20 - -20) + -1 + 7 + (-8 - 3).
-5
-13 + (4 - (-24 + 8)) - 23
-16
What is the value of 8 + -4 + -11 + 25 + 9?
27
(10 - 44) + 16 + 25
7
Calculate (-3 - (-18 - -10)) + -15.
-10
What is the value of (-2 - -3) + -4 + 21 + (2 - 3)?
17
Calculate (-2 - 0 - -7) + (5 - 7) + 4.
7
Evaluate 2 + -12 - (-11 - 3).
4
Evaluate (-13 - (1 + 4 + -33)) + -4.
11
What is the value of -8 - -19 - 1 - (0 + 13 - -17)?
-20
Calculate (-4 - 13) + (2 - -13).
-2
What is 4 + -21 + 13 + 8 + 9?
13
Calculate -7 - (-7 - ((-3 - 2) + -24 + 26)).
-3
What is -39 + 55 - (-3 + 5)?
14
What is 25 - (-8 + 24 - -25)?
-16
Evaluate (-3 - -3) + (2 - (-19 - -13)).
8
Calculate -11 - (-65 - -37 - 22).
39
4 - (-7 + (9 - (-10 - -9) - 1))
2
Calculate (7 - -5) + -41 + 25 + -9.
-13
Evaluate (1 - (-2 - (-11 - 0))) + -1140 + 1150.
2
Calculate 15 + -4 + (-8 - 0) + 2.
5
-1449 - -1457 - (1 - (11 - 0))
18
Calculate 4 - (2 + -2) - (5 + 7 - -4).
-12
-22 + 73 + -31 + -35
-15
What is 9 + 3 + -7 - -3 - 5?
3
What is (-15 - -10) + (-8 - -14 - 17)?
-16
Calculate 9 + 8 + -1 + -17.
-1
-20 + (-1 + 1 - (-15 - 14 - -19))
-10
What is the value of -5 + (-29 - -32 - (-2 + (4 - -2)))?
-6
What is the value of -5 - (0 + (-7 - -2) - (-8 - -2))?
-6
What is -2 + -4 + -1 - -22 - (5 - 1)?
11
Evaluate (-4 - 28) + 24 + 1 + 6.
-1
Evaluate -11 - ((-6 - -10 - 29) + 8).
6
What is 1 + (0 - 0) + -2 + (-2255 - -2243)?
-13
Evaluate 19 - 15 - -24 - (10 + 2).
16
Calculate -1 - 1 - (16 - ((-3 - -29) + -18)).
-10
What is (0 - (-11 + 5 - (-5 - 1))) + 3?
3
(-2 - -14) + (7 - 13)
6
15 - (0 - -11 - -9 - 9)
4
What is the value of 25 - 18 - ((-8 - -3) + 10)?
2
What is -4 + 17 + -8 + (-29 - -23)?
-1
Evaluate (-26 - (-23 - 7)) + (1 - -5).
10
Evaluate -6 - (4 - (0 + -1 + 8 + -9)).
-12
What is the value of 9 + (-2 + 39 - (11 - (-3 + 2)))?
34
-4 - (-4 + 30 + -9 + -10)
-11
What is 2 + 9 + 2 + -12 - -1?
2
What is (-1 - 1) + 81 + -82?
-3
Calculate (-1 - -1) + 13 + -16 - (-108 - -115).
-10
What is (4 - 4) + 2 + -1 + 1 + 7?
9
Evaluate (-3 - -1) + -5 + (-3 - -7).
-3
Calculate (51 - (-2 - -32)) + -32.
-11
Evaluate 13 + (13 + -8 - 21).
-3
Calculate (13 - (11 - -6)) + -10.
-14
What is (-3 - -3 - 8) + 17 + -9 + -18?
-18
What is the value of 12 + -52 + (-5 - 5 - -4 - -11)?
-35
What is (-32 - -1) + (-5 - -27)?
-9
23 + 61 + -30 + -31
23
Evaluate 9 + 0 + -13 + 27 + -10.
13
Calculate -21 + 1 + (-3 + -1 - -12).
-12
What is the value of 23 + 3 + -3 - (-15 - -16 - -9)?
13
(-36 - -19 - 23) + 22
-18
What is -5 - (1 + 2) - (2 + (-8 - 23))?
21
-1 + 0 + 12 + -4 + (45 - 50)
2
Calculate (4 - (2 + (8 - 7) + 4)) + 1.
-2
Calculate (1 - (6 + 0)) + (51 - (75 + -19)).
-10
Calculate -72 + 1 + 41 + -7.
-37
Calculate -28 - (-74 + -11 + 22).
35
(-6 - -43) + -1 + -11 + -1
24
What is 3 - (1 + -3 + (-1 - 2))?
8
Calculate -25 + 24 + 2 + -20 + (4 - 2).
-17
What is -28 - (-26 - 5 - -15)?
-12
What is -2 - -3 - (5 - (-4 - (-7 - -15)))?
-16
What is 24 - 18 - (8 + 3 + -2 + 2)?
-5
What is 1 + -67 + 56 + (1 - -16)?
7
Evaluate -49 - -33 - ((4 - 2) + -6).
-12
Evaluate 42 - ((10 - 44) + 66).
10
Calculate -6 + 0 + (40 - 45) + 0.
-11
(-1 - 18) + (-5 + 10 - -10)
-4
What is the value of -11 + (19 + 5 + -14 - (-2 + 6))?
-5
Calculate 10 - (-16 + 2 + 33).
-9
-21 + -16 + 18 + 11
-8
Calculate (-13 - (1 - 15) - 17) + 30.
14
What is the value of -58 + 22 + (-6 - -27)?
-15
What is the value of (-7 - (9 + -21)) + 3?
8
What is -33 + (14 + -1 - -8)?
-12
What is the value of -161 + 159 - (24 + 1)?
-27
Evaluate (14 - 4) + -116 + 104.
-2
What is the value of 14 + -23 + (-3 - ((-36 - 3) + 4))?
23
What is 9 + -24 + (-4 - -5)?
-14
Evaluate 2 - 4 - (15 - 3 - (3 - 1)).
-12
Calculate (10 - (18 - 2) - -11) + -12.
-7
Evaluate (-10 - -3) + 10 - -17.
20
Evaluate (-13 - 6) + 14 + 19.
14
Evaluate -3 + (-7 - -2) + 1 + (-772 - -771).
-8
Evaluate -14 + (-23 - (-11 + 14)) + 15.
-25
What is -57 + -33 + (39 - -22)?
-29
-1 + 2 + (5 - 1) - (2608 + -2597)
-6
-109 - -109 - ((3 - 1) + 0 + -20)
18
Evaluate -1 + -3 + -6 + 3 - (4 + 1).
-12
Evaluate 16 + (-6 - 3) - (-3 + -1).
11
Calculate -6 + 2 + (-15 - -7 - -1) + 12.
1
Evaluate 5 + -42 + 24 + -7.
-20
What is -16 + 28 + -25 + 31?
18
Calculate 6 + -18 + 40 - 16.
12
Evaluate 28 - 1 - (53 + -39).
13
What is the value of -3 + -2 - (8 + (3 - -1))?
-17
Evaluate 909 + -883 - (-1 + 0 + 1).
26
What is -1 - -12 - (9 + -21 - -21)?
2
-23 + (-23 + 13 + 6 - -19)
-8
Evaluate -6 - (2 + 30 - 67).
29
What is -9 - -5 - -10 - (17 - (4 + -5))?
-12
-17 + (-19 - -34 - 34) + -2 + 12
-26
-46 + 71 - (36 - -4)
-15
-2 - -5 - (12 - 8) - 4 - -1
-4
What is the value of -64 - ((-10 - 39) + 17)?
-32
Evaluate 6 + -8 + (-2 - -11) + 5 + -36.
-24
Evaluate 6 + 15 + 3 + -12.
12
What is 10 + -4 + 6 + -9?
3
What is -32 - (1 - 12 - (114 + -110))?
-17
What is the value of -15 + 1 + (-7 - -9 - 7)?
-19
Calculate (11 - (-7 - (-10 + 8))) + 11.
27
What is the value of -15 - (-35 + 1 + 23)?
-4
-5 - (21 + 0 - 15 - 3)
-8
What is (-15 - (-5 - -1) - -8) + (-1 - -15)?
11
26 + -23 + -20 + -2
-19
What is the value of -1 + 31 + (250 - 283)?
-3
What is the value of 5 + 2 + -9 + 6 + (0 - 10)?
-6
Calculate (-17 - -1) + 1 + (14 - 11) + 4.
-8
What is the value of -29 - (-20 - (-5 - (-19 + 15)))?
-10
What is the value of 7 - 1 - (24 - 12 - (-2 + 25))?
17
(19 - (28 - 23)) + 4 + -3
15
What is the value of 6 + 0 + 318 + -324?
0
Calculate -3 - (-5 + -3 - -2) - -4 - -3.
10
What is the value of (67 - 67) + (10 - 1)?
9
What is -9 + (7 - (11 + -12))?
-1
What is (-68 - (17 - 37) - -12) + 16?
-20
What is the value of 3 - (-1 - (3 + -3)) - (-48 + 64)?
-12
What is the value of 18 + -2 + (77 + -76